16. Suppose h - w = k. Calculate the remainder when 2 is divided by k.
0
Let k(u) = u**2 - 2*u + 6. Let g(f) = -f - 1. Let q(m) = -4*g(m) - k(m). Calculate the remainder when 9 is divided by q(5).
0
Let w = 6 - 41. Let d = w - -74. What is the remainder when d is divided by 20?
19
Let a(f) = f**2 - 7*f - 11. Calculate the remainder when 49 is divided by a(10).
11
Suppose -3*m - u = -12, -3*m - 3*u + 24 = 2*u. Let p = 6 - m. Suppose r - 22 = -p*c, 2*r = -2*r - c + 33. Calculate the remainder when 20 is divided by r.
6
Suppose 3*y - 5*y - 26 = -3*z, 4*y = -z - 10. Suppose -6 - 2 = -4*h. Calculate the remainder when z is divided by h.
0
Let l = 1 + 0. Suppose -5*k + 17 = 12. Calculate the remainder when k is divided by l.
0
Suppose -7 = -5*s - 47. Calculate the remainder when (s/(-16))/((-2)/(-248)) is divided by 21.
20
Let a(x) = x**3 + 22*x**2 - 9*x - 52. Calculate the remainder when a(-22) is divided by 38.
32
Calculate the remainder when -78*((-28)/8 + 3) is divided by 10.
9
Suppose 0 = 4*v - 2*u - 18, -3*u = -3*v + 5*v - 13. Let p(g) be the second derivative of g**3/3 - g**2/2 + g. What is the remainder when 17 is divided by p(v)?
8
Suppose -34*g = -29*g - 690. Calculate the remainder when g is divided by 35.
33
Let o be -6 + 3 - (0 + -2). Let m be 2/(o + 10/8). Suppose 3*q = -2*q + 4*t + 102, 0 = -4*t + m. Calculate the remainder when q is divided by 6.
4
Suppose 0 = 2*r + 3*r - 135. Calculate the remainder when 80 is divided by r.
26
Let t = 98 + -88. What is the remainder when 48 is divided by t?
8
Suppose 8*t - 3*t = -5. Let o = t + 15. Suppose o + 10 = 3*q. What is the remainder when 14 is divided by q?
6
Let m(l) = l - 17. Calculate the remainder when m(24) is divided by -15*(2/(-1))/6.
2
Let d(g) = g**2 + g - 1. Let a = 189 - 135. Calculate the remainder when a is divided by d(-4).
10
Let g(y) = -2*y**2 - 21*y - 7. Calculate the remainder when (-4)/(-6) - (-112)/3 is divided by g(-9).
18
Suppose 0*s = 5*s - 60. What is the remainder when 22 is divided by s?
10
Let w be 0/(-1 - 0) - -5. Suppose 2*u = -w*z + 160, 0 = -0*z + 5*z + u - 155. What is the remainder when z is divided by 8?
6
Let k(s) be the first derivative of s**2 + 5*s + 6. Calculate the remainder when k(4) is divided by 7.
6
Let l(i) = -2*i**2 + 13*i - 4. Let r be 238/6 - (-1)/3. Let q = r + -20. Calculate the remainder when q is divided by l(5).
9
Suppose -g + 2*y + 94 = 2*g, -g + 3*y = -36. Calculate the remainder when g is divided by 7.
2
Suppose 3*x - 2*x = -117. Let m = -79 - x. Calculate the remainder when m is divided by 10.
8
Suppose 0 = 5*x + p - 20 - 8, x + 2*p = 11. Let a(b) = b**3 - 6*b**2 + 5*b + 6. Calculate the remainder when 17 is divided by a(x).
5
Let r(l) = l. Let x be r(2). Let f be x/3*18/4. Suppose 25 = -o + 4*o - 5*b, -19 = -f*o + 2*b. Calculate the remainder when 9 is divided by o.
4
Suppose -3*w + 9 = -6*w, 2*i + 8 = -4*w. Suppose 19 = -i*v + 65. What is the remainder when v is divided by 6?
5
Let b = 210 - 112. Let o = 137 - b. What is the remainder when o is divided by 10?
9
Let a(r) = 7*r**2 + r - 1. Let t be a(-2). Let f = t - 18. What is the remainder when 19 is divided by f?
5
Let d(s) = -s**2 + 12*s - 2. Suppose 20 = u + 3*u. What is the remainder when d(u) is divided by (-1)/3 - 37/(-3)?
9
Let q(m) = 2*m**2 - 2*m - 1. Let z be q(-1). Suppose 2*u = -2*x, -z*u - 3*x = -6*u + 12. Let k = 7 + u. What is the remainder when 26 is divided by k?
8
Suppose 0 = 4*i, -46 = -2*k - 2*i + 6*i. What is the remainder when 78 is divided by k?
9
Let s(z) be the first derivative of 1 - 2*z - z**2 - 2/3*z**3 - 1/2*z**4. Calculate the remainder when 38 is divided by s(-2).
8
Let y be (-8)/2 + (-3 - -8). Suppose 3*o = y + 95. What is the remainder when o is divided by 11?
10
Let b = 114 - 61. What is the remainder when b is divided by 18?
17
Let k(s) = 13*s - 42. What is the remainder when k(6) is divided by 11?
3
Suppose -8*l - 275 = -13*l. Suppose -l = -5*o - 5*y, -5*y = -5*o - 2*y + 23. Calculate the remainder when 20 is divided by o.
6
Let n = 65 - 44. Calculate the remainder when 83 is divided by n.
20
Suppose 0*s - 4*s + 12 = 0. Suppose 2*a = -5*g + 43, 5*a = s*a - 4*g + 38. What is the remainder when 28 is divided by 1/3 + 87/a?
8
Let j = -7 - -19. What is the remainder when j is divided by 4?
0
Let b(j) = j - 15. Calculate the remainder when b(18) is divided by 1.
0
What is the remainder when 112 is divided by 3/(316/152 + (0 - 2))?
36
Let b(g) = -g**3 + 5*g**2 + 4*g + 8. Let w be b(6). Calculate the remainder when (-372)/(-16) + 1/w is divided by 8.
7
Let v = -64 - -90. Let p(q) = q**2 + 18*q + 9. What is the remainder when v is divided by p(-18)?
8
Suppose -4*x = -x - 54. Let k = 126 + -28. Suppose -3*z + 0*g + 4*g = -110, 3*z + 2*g - k = 0. Calculate the remainder when z is divided by x.
16
What is the remainder when (-427)/(-28) + 6/8 is divided by 6?
4
Let n(t) = t**2 - t + 1. What is the remainder when n(4) is divided by 8?
5
Calculate the remainder when 69 is divided by (-48 - -20)*(10/(-4) + 2).
13
Let l = -8 - -30. Calculate the remainder when l is divided by 12.
10
Suppose 0 = 5*o - o - 56. Let b(x) = 5*x + 3. Let r be b(5). Let q = r + -2. Calculate the remainder when q is divided by o.
12
Suppose 0*i - i - 1 = 0, y - 3*i - 3 = 0. Suppose -2*c + 4*k - 36 = y, 2*c + k + 33 = 4*k. Let j = 38 + c. What is the remainder when j is divided by 7?
5
Let t(b) = 15 + 0*b**2 - 8 + b - b**2. What is the remainder when t(0) is divided by 4?
3
Let x be ((-2 + 0)*25)/(-2). Let r = x + -12. Calculate the remainder when 24 is divided by r.
11
Let y(l) = l + 4. Suppose -3 = -4*m - 15. Let d(u) = 2*u**2 + 3*u - 3. What is the remainder when d(m) is divided by y(0)?
2
Suppose 4*m = 3*p - 47, 50 = 3*p + 2*m - 3*m. Calculate the remainder when 28 is divided by p.
11
Let f(n) = n**3 + 8*n**2 + n + 1. Let d be (-1 - -2)/(2/(-12)). What is the remainder when f(d) is divided by 23?
21
Let d(u) = 2 + 1 - u**3 - 8*u + 4 + 9*u**2. Let k be -3*(-4)/(-6) - -9. What is the remainder when d(k) is divided by 17?
15
Suppose -2*v - 10 = -7*v. Let l = 6 - v. Suppose 0 = 5*y - k - 44, 0 = l*y - k + 3*k - 24. Calculate the remainder when 23 is divided by y.
7
Let p be (3/5)/((-4)/(-60)). Calculate the remainder when 48 is divided by 3/p*15*5.
23
Suppose n + n - 4*l - 36 = 0, 0 = -5*n + 2*l + 98. Suppose -4*i + 58 = -0*d - 3*d, -8 = -4*d. Let o = i + -9. Calculate the remainder when n is divided by o.
6
Suppose 2*s + 35 = q + s, -3*s - 29 = -q. Suppose 0 = -7*k + 20*k - 130. Calculate the remainder when q is divided by k.
8
Let t(v) = 44*v - 1. Let u be t(-1). Let h = -7 - u. What is the remainder when h is divided by 13?
12
Let y be (-3 - -6)*(-17)/(-3). Let i = -9 + y. Calculate the remainder when i is divided by 3.
2
Let n(l) = -l**2 + 12*l - 7. Calculate the remainder when (72/3)/(2/3) is divided by n(10).
10
Suppose -2*x + 8 = -2. Suppose -2*n - x*g = -34, -3*n = -n - 5*g - 14. Let a(w) = w**3 - w**2 + w + 1. What is the remainder when a(3) is divided by n?
10
Let b = -26 + 97. What is the remainder when b is divided by 36?
35
Suppose 0 = -b - b + 4. What is the remainder when 41 is divided by ((-28)/(-5))/(b/5)?
13
Suppose 21 = 2*w - 11. Suppose 0 = -4*n + 5*l + 41, 4*n - l - 20 - 17 = 0. What is the remainder when w is divided by n?
7
Suppose -5 = 5*y - 2*a - 29, -10 = -2*y + a. Let x be (-9)/y + (-2)/(-8). Let p = 6 - x. What is the remainder when p is divided by 5?
3
Suppose 2*i = -4*r + 12, -r - 11 = -3*i + 14. What is the remainder when 39 is divided by i?
7
Suppose 0*m - m + 14 = 0. Calculate the remainder when 37 is divided by m.
9
Let b(p) = 11*p - 14. Calculate the remainder when 118 is divided by b(4).
28
Suppose -4*i = -2*p + 50, -3*p + 60 = i - 4*i. Calculate the remainder when 44 is divided by p.
14
Let f = -60 - -87. Calculate the remainder when 76 is divided by f.
22
Let a = 209 + -118. Suppose 4*c - 37 - 55 = 0. What is the remainder when a is divided by c?
22
Let o(s) = -3*s - 7. What is the remainder when 67 is divided by o(-8)?
16
Suppose w - 4 = -1, 0 = 5*x + 2*w - 166. What is the remainder when x is divided by 17?
15
Suppose -n - 2*h = -9, -5*n + h + 4*h + 90 = 0. Let c = n - 8. Let g(o) = o**3 + 4*o**2 - o + 1. Calculate the remainder when g(-3) is 